{"id":144,"date":"2018-10-03T13:58:20","date_gmt":"2018-10-03T12:58:20","guid":{"rendered":"http:\/\/theater.raelling-buehne.de\/?page_id=144"},"modified":"2025-02-25T13:57:30","modified_gmt":"2025-02-25T12:57:30","slug":"impressum","status":"publish","type":"page","link":"http:\/\/theater.raelling-buehne.de\/?page_id=144","title":{"rendered":"IMPRESSUM"},"content":{"rendered":"<p>Angaben gem\u00e4\u00df \u00a7 5 TMG<\/p>\n<p>R\u00e4lling-B\u00fchne Abstatt e.V.<br \/>\nLerchenring 10<br \/>\n74232 Abstatt<\/p>\n<p><strong>Vertreten durch: <\/strong><br \/>\nOliver Schwarz und Silvia H\u00e4fner<\/p>\n<p><strong>Kontakt:<\/strong><br \/>\nE-Mail: <a href=\"mailto:vorstand@raellingbuehne.de\" target=\"_top\" rel=\"noopener\">vorstand@raellingbuehne.de<\/a><\/p>\n<p><strong>Registergericht: <\/strong>Stutgart<br \/>\nEintragung im Vereinsregister: 05.09.2017<br \/>\nRegisternummer: VR 723191<\/p>\n<p><strong>Verantwortlich f\u00fcr den Inhalt nach \u00a7 55 Abs. 2 RStV:<\/strong><br \/>\nOliver Schwarz<br \/>\nLerchenring 10<br \/>\n74232 Abstatt<\/p>\n<p class=\"paragraph_style_3\">&nbsp;<\/p>\n","protected":false},"excerpt":{"rendered":"<p>Angaben gem\u00e4\u00df \u00a7 5 TMG R\u00e4lling-B\u00fchne Abstatt e.V. Lerchenring 10 74232 Abstatt Vertreten durch: Oliver Schwarz und Silvia H\u00e4fner Kontakt: E-Mail: vorstand@raellingbuehne.de Registergericht: Stutgart Eintragung im Vereinsregister: 05.09.2017 Registernummer: VR 723191 Verantwortlich f\u00fcr den Inhalt nach \u00a7 55 Abs. 2 RStV: Oliver Schwarz Lerchenring 10 74232 Abstatt &nbsp;<\/p>\n","protected":false},"author":2,"featured_media":0,"parent":0,"menu_order":0,"comment_status":"closed","ping_status":"closed","template":"","meta":{"ngg_post_thumbnail":0,"pgc_sgb_lightbox_settings":"","footnotes":""},"class_list":["post-144","page","type-page","status-publish","hentry"],"_links":{"self":[{"href":"http:\/\/theater.raelling-buehne.de\/index.php?rest_route=\/wp\/v2\/pages\/144"}],"collection":[{"href":"http:\/\/theater.raelling-buehne.de\/index.php?rest_route=\/wp\/v2\/pages"}],"about":[{"href":"http:\/\/theater.raelling-buehne.de\/index.php?rest_route=\/wp\/v2\/types\/page"}],"author":[{"embeddable":true,"href":"http:\/\/theater.raelling-buehne.de\/index.php?rest_route=\/wp\/v2\/users\/2"}],"replies":[{"embeddable":true,"href":"http:\/\/theater.raelling-buehne.de\/index.php?rest_route=%2Fwp%2Fv2%2Fcomments&post=144"}],"version-history":[{"count":4,"href":"http:\/\/theater.raelling-buehne.de\/index.php?rest_route=\/wp\/v2\/pages\/144\/revisions"}],"predecessor-version":[{"id":5671,"href":"http:\/\/theater.raelling-buehne.de\/index.php?rest_route=\/wp\/v2\/pages\/144\/revisions\/5671"}],"wp:attachment":[{"href":"http:\/\/theater.raelling-buehne.de\/index.php?rest_route=%2Fwp%2Fv2%2Fmedia&parent=144"}],"curies":[{"name":"wp","href":"https:\/\/api.w.org\/{rel}","templated":true}]}}

<p>Angaben gemäß § 5 TMG</p>
<p>Rälling-Bühne Abstatt e.V.<br />
Lerchenring 10<br />
74232 Abstatt</p>
<p><strong>Vertreten durch: </strong><br />
Oliver Schwarz und Silvia Häfner</p>
<p><strong>Kontakt:</strong><br />
E-Mail: <a href="mailto:vorstand@raellingbuehne.de" target="_top" rel="noopener">vorstand@raellingbuehne.de</a></p>
<p><strong>Registergericht: </strong>Stutgart<br />
Eintragung im Vereinsregister: 05.09.2017<br />
Registernummer: VR 723191</p>
<p><strong>Verantwortlich für den Inhalt nach § 55 Abs. 2 RStV:</strong><br />
Oliver Schwarz<br />
Lerchenring 10<br />
74232 Abstatt</p>
<p class="paragraph_style_3">&nbsp;</p>

<p>Angaben gemäß § 5 TMG Rälling-Bühne Abstatt e.V. Lerchenring 10 74232 Abstatt Vertreten durch: Oliver Schwarz und Silvia Häfner Kontakt: E-Mail: vorstand@raellingbuehne.de Registergericht: Stutgart Eintragung im Vereinsregister: 05.09.2017 Registernummer: VR 723191 Verantwortlich für den Inhalt nach § 55 Abs. 2 RStV: Oliver Schwarz Lerchenring 10 74232 Abstatt &nbsp;</p>
